-20*p + 61. Let m(g) = -7*g + 21. Let s(b) = 11*m(b) - 4*o(b). Calculate s(6).
5
Let o(l) = 2*l**3 + 3*l**2 - 3*l. Let y(n) = n**3 + 6*n**2 - 15*n + 11. Let c be y(-8). Suppose -1 + 15 = c*w - 2*k, 4*w + k = 4. What is o(w)?
22
Suppose 4 = 2*j - 0*j. Let g be (9/(-6))/(12/(-56)). Let y(v) = -v**2 + 2*v**j - g - 2*v**2. Give y(0).
-7
Let i be (3/6)/((-2)/(-68)). Let y = -16 + i. Let c be y/(0 - (-4)/(-12)). Let q(u) = -u**2 + 2. What is q(c)?
-7
Suppose 0 = -g + 6*g. Suppose g = 5*k - k - 8. Let w(p) = -4 - p**3 - p**2 - 1 + 1 + 3*p - p**k. What is w(-4)?
16
Let s(f) = f**3 + 4*f**2 + 4*f. Let u = -3 + 0. What is s(u)?
-3
Let y(o) = 2*o + o**3 + 16904 - 16902 + 0*o**3 + 4*o**2. Determine y(-4).
-6
Let n(y) be the first derivative of -y**3/3 + 4*y**2 - 6*y + 136. Let d = 14 - 10. Suppose 11 - 35 = -d*h. Calculate n(h).
6
Let c(t) = t**2 + 15*t + 7. Suppose 6 = 5*j - 4. Suppose 0 = 3*x + 15, 2*q - j*x + 11 = -7. Let m be c(q). Let n(i) = i**3 + 7*i**2 - 3. Determine n(m).
-3
Let l(v) = -v**2 - 2*v. Let z(r) = 4*r**2 - 16*r + 48. Let y(o) = -5*l(o) - z(o). What is y(-28)?
8
Let i(k) = k**3 - k**2 + 2*k - 6. Let g be i(0). Let l(w) = -w**2 - 6*w + 8. Let c be l(g). Let f(u) = 0 + c - 1 + u - 4. Determine f(-3).
0
Suppose 5*x + 50 = 5*o, -5*x - 45 = -4*o + 9. Let p = x - -8. Let u be 21/p + (-2)/4. Let z(y) = -y**2 - 3*y. Calculate z(u).
-4
Suppose 2*b - 26 = -10*t + 6*t, -5*t + 2*b + 19 = 0. Let n(w) = w**2 - 6*w. Let g be n(6). Suppose -t*i + i = g. Let z(d) = d + 8. What is z(i)?
8
Let i be ((-3)/2)/(1/(-2)). Let b be (1/i)/(7/21). Let u(a) = -4 - b - 8*a**2 - 2 + 2 - a**3. Give u(-8).
-5
Let d be 14 + (-5 - (12/6 + -3)). Let i(z) = -2*z + 20. Determine i(d).
0
Let r(b) = b - 9. Let p(m) = m - 8. Let u(z) = 3*p(z) - 2*r(z). Let y = 24 - 18. What is u(y)?
0
Let p(x) be the first derivative of -4 - 8*x + x**2 + 1/6*x**3 - 1/6*x**4. Let y(b) be the first derivative of p(b). Calculate y(2).
-4
Let q(b) = b**2 + 2*b - 7. Let k be q(-3). Let x(s) = -s**3 - 3*s**2 + 5*s + 3. Let a be x(k). Let t(f) = -20*f**3 + f + 1. Give t(a).
20
Let y(v) be the third derivative of -v**4/24 + v**3/6 + 79*v**2. What is y(-3)?
4
Let l(t) be the second derivative of t**5/20 - t**4/6 - 5*t**3/6 - t**2/2 + t. Suppose 2*r = 3*o + 20, 3*r + 5*o - 25 + 33 = 0. Give l(r).
11
Let y(i) = -i**2 - 17*i - 12. Let d(b) = -3*b**2 - 50*b - 36. Let q(s) = -2*s**2 + 2*s + 7. Let r be q(-3). Let l(g) = r*y(g) + 6*d(g). What is l(-9)?
6
Suppose 2*v - 4*v - 2*m = -12, 0 = -5*v - 4*m + 30. Let w(h) = h**3 - 5*h**2 - 6*h - 5. Let f be w(v). Let u(y) = y**2 + 8*y - 1. What is u(f)?
-16
Suppose 0 = -2*a - 5 + 23. Suppose 4*n - 7 = -2*y + 1, -5*y + a = -n. Suppose -y*q + 5 = -5*j, 10 = -2*q + 4*q. Let x(m) = 3*m. What is x(j)?
3
Suppose -140 = -2*z - y, 0 = 2*z + 3*y + 2*y - 140. Let x(c) = z*c - 3 - c**2 - 2 - 64*c. Calculate x(5).
0
Let t(n) = -n - 12. Suppose 2*g - 11 = 37. Let d = g + -24. Determine t(d).
-12
Let g(i) = -2*i + 2. Suppose -5 = 6*x - 5*x. Give g(x).
12
Let k be (-2)/(-8) - 119/28 - -3. Let g be (17/3)/k - 2/(-3). Let m(w) = w**3 + 6*w**2 + 6*w + 3. Calculate m(g).
-2
Let w be ((-3)/(-2))/(6/8). Let v(j) = -2*j**w + j**2 - 6*j - 4 + 7*j. Let z be ((2 - 3)*1)/(17/(-51)). Calculate v(z).
-10
Let c(w) = 393 - 189 - 202 - 6*w**2 - w. What is c(1)?
-5
Let k be ((-18)/(-3 - -1))/1. Suppose 4 = l - k. Let u = l + -12. Let f(w) = 7*w**3 - w. Calculate f(u).
6
Let i(n) = -3*n - 35122 + 17559 - 2*n**2 + 17559. Let d be 7/(-2) - 1/(-2). Determine i(d).
-13
Suppose -3*b + 72 = 9*b. Let a(w) = w - 8. Give a(b).
-2
Let q(g) be the third derivative of g**5/60 - g**4/24 + g**3/2 + 3*g**2 + 65. What is q(-2)?
9
Let y(v) be the second derivative of v**4/12 + 5*v**3/3 + 3*v**2/2 + 12*v - 5. Calculate y(-8).
-13
Let z(h) = 4*h - 4. Let s(g) = g**2 + 4*g + 5. Suppose -u = 5*q - 4*u + 3, -3*u + 3 = q. Let w be s(q). Give z(w).
16
Suppose 0 = -5*n - b + 16, -11 = 2*n - 4*n - 5*b. Let m(y) = -5*y - 2 + n*y**2 + y**3 + 0*y + 4 + y. Determine m(-4).
2
Let v(x) = 2 + 2 - 7*x - x**2 + 0*x**2. Suppose -3*y = 2*h + 30, h = 3*y - 3*h + 30. Let d be 5/y - 22/4. Give v(d).
10
Suppose -3*l + 12 = -0. Let p(t) = 2*t - 1. Let v(r) = 4*r. Let s(b) = 3*p(b) - 2*v(b). Calculate s(l).
-11
Let j(k) = -k - 15. Suppose 2*s - 3*b = 20 - 36, -s - 3*b - 26 = 0. What is j(s)?
-1
Let p(u) = -u**3 + u**2 + u - 4. Let y be p(0). Let i be y - (-3 - (4 - 2)). Let q(h) be the second derivative of h**4/4 + h**3/6 - h**2/2 - 2*h. Give q(i).
3
Let l(f) be the second derivative of 0 + 1/12*f**4 - 3/2*f**3 - 22*f + 3/2*f**2. Give l(5).
-17
Suppose -5*k - 31 = 72*a - 70*a, 5*a = 3*k. Let q(j) = 2*j**3 + 7*j**2 - 2*j - 7. What is q(a)?
8
Let f = 17 - 13. Suppose 2*q + 21 = -s - 2*s, -5 = f*s - 5*q. Let n(m) = m**3 + 6*m**2 + 7*m - 1. What is n(s)?
-11
Let s be -6 + (3 - 0) + 3. Suppose -3*u + 8*u - 20 = s. Let x(h) = 2*h - 5. Calculate x(u).
3
Let b(z) = z - 6. Suppose -2*d = -7*d + 10. Let q(i) = i - 2. Let y be q(6). Suppose g + 5 = d*l, y*l - 4*g + 1 = 5. Give b(l).
-2
Let g(n) = 5*n**3 - n**2 - 3*n + 8. Let m = -17 - -25. Let q(x) = -2*x**3 + x - 3. Let z(k) = m*q(k) + 3*g(k). Determine z(-4).
20
Let n(x) = 8*x - 1. Suppose -a - 66 + 60 = 5*w, 3*w + 6 = -3*a. Calculate n(w).
-9
Let f(i) = 31*i**2 + 26*i + 36. Let z(s) = 11*s**2 + 9*s + 12. Let d(h) = 6*f(h) - 17*z(h). Determine d(6).
-6
Let c(d) = d**3 + 5*d**2 - 6*d + 2. Suppose 0 = 4*k - 3*x + 24, 4*x + 6 = -0*k - k. What is c(k)?
2
Let u(k) = -k**2 - k - 1. Let q(h) = 3*h**2 + 3*h + 5. Let j = 28 - 22. Let n(b) = j*u(b) + q(b). Determine n(-2).
-7
Let f(k) be the third derivative of -k**6/720 - k**5/40 - k**4/8 + 17*k**2. Let d(n) be the second derivative of f(n). Calculate d(0).
-3
Suppose 2*z = -t - 34, 3*t + 54 = -4*z - 38. Let c = -29 - t. Let u(w) = -2*w - 6. Calculate u(c).
4
Let o = -3 - -1. Let n(p) = -5*p + 6. Let y = 243 + -226. Let d(s) = 14*s - 17. Let a(j) = y*n(j) + 6*d(j). Determine a(o).
2
Let w = 159 - 103. Suppose -10*g + 2*g + w = 0. Let k(z) = z**2 - 6*z - 7. Calculate k(g).
0
Let u(s) be the first derivative of s**3/3 - 2*s**2 - 2*s - 137. Calculate u(4).
-2
Let d(y) = -505 - 512 - 26*y + y**3 - 6*y + 1043 + 6*y + 26*y**2. Calculate d(-27).
-1
Let c(s) = -8*s - 1. Let n be c(-1). Suppose 6*i - i = d - 27, -4*d - 3*i - n = 0. Let g(q) = -1 - 5 - q**d - 3*q + 2 + 2. What is g(-3)?
-2
Let q(x) = 60 - 27 + 2*x - x - 29. What is q(6)?
10
Suppose -5*v = -m + 10, -2*v + 102*m + 23 = 107*m. Let r(b) = -b - 7*b**2 - 2 + 2. What is r(v)?
-6
Let h(t) = -3 - 6*t**2 - 7*t - 14*t**2 + 19*t**2. Calculate h(-5).
7
Let h(o) = -2 + 2*o**2 - 3*o - 3*o + 4*o. Let b = 13 + 7. Let f(w) = -2*w**2 + 39*w + 22. Let k be f(b). Determine h(k).
2
Let f(q) be the third derivative of 1/6*q**4 + 0*q + 8*q**2 + 1/60*q**5 + 0 - 2/3*q**3. Determine f(-4).
-4
Let b(h) be the second derivative of -9/20*h**5 + 12*h + 0*h**3 + 0 + 0*h**4 + 0*h**2. Calculate b(-1).
9
Let a(g) = -6*g**2 + 12*g + 1. Let j(k) = -7*k**2 + 13*k + 1. Let p(c) = -6*a(c) + 5*j(c). Let l be p(7). Let x(z) = 3*z**2 + z + 1. Calculate x(l).
3
Let l(n) = 5*n + 32. Let a be (2/(-7 - 372/(-54)))/2. Determine l(a).
-13
Let i(m) = -4*m - 1. Let k be i(-1). Let h(v) = v + 8. Let z be h(-4). Let t(g) = -g. Let d(j) = 1. Let n(u) = z*d(u) + t(u). Calculate n(k).
1
Let a(y) = y**3 - 5*y**2 + y - 3. Let k be 11*(36/(-11))/(-6). What is a(k)?
39
Let l(m) = 2*m + 2. Let d be l(-2). Let v be (-92)/12 + 0 + d/(-3). Let k(q) = -q - 1. Give k(v).
6
Let d(o) be the second derivative of -o**3/3 + 7*o**2/2 - o. Let z = -1021 + 1027. Calculate d(z).
-5
Let z(w) = -w**2 + 402. Let r be z(-20). Let q(m) = 2*m**2 + 4*m - 3. Calculate q(r).
13
Let n(y) = 3*y**2 + 3*y. Let o(x) = -14*x**2 - 11*x - 1. Let g(i) = 9*n(i) + 2*o(i). Calculate g(3).
4
Suppose -90 = 2753*x - 2763*x. Let b(r) = -4*r + 32. What is b(x)?
-4
Let x be (42/(-63))/(1/(-3)). Let w(g) = -3 - 10*g + 16*g - x*g + 4. Let t = 1 - 3. Calculate w(t).
-7
Let x = -311 + 307. Let v(m) = 12*m + 26. Let o(f) = 4*f + 9. Let w(z) = 11*o(z) - 4*v(z). Give w(x).
11
Let x = -460 + 462. Let j(o) = 21*o**3 + 5*o**2 - 5*o. Let g(r) = -4*r**3 - r**2 + r. Let p(c) = 11*g(c) + 2*j(c). What is p(x)?
-18
Let i(j) = -9 - 30 - j + 21. Determine i(-9).
-9
Let i = -1587 + 1583. Let v(k) = 5 - k**2 + 2*k